5033?
5
What is the millions digit of 22002159?
2
What is the millions digit of 163366674?
3
What is the tens digit of 530602503?
0
What is the ten millions digit of 1586227836?
8
What is the millions digit of 27213983?
7
What is the hundred thousands digit of 376652?
3
What is the thousands digit of 304962700?
2
What is the hundreds digit of 26269566?
5
What is the millions digit of 1329933934?
9
What is the thousands digit of 10430034?
0
What is the hundreds digit of 5014898723?
7
What is the units digit of 4613653952?
2
What is the units digit of 401703073?
3
What is the thousands digit of 26949044?
9
What is the ten thousands digit of 27190034?
9
What is the units digit of 151889229?
9
What is the hundreds digit of 29639953?
9
What is the units digit of 6426338520?
0
What is the ten thousands digit of 105132213?
3
What is the hundred thousands digit of 451422?
4
What is the hundreds digit of 561728251?
2
What is the ten millions digit of 6385556971?
8
What is the thousands digit of 539393214?
3
What is the thousands digit of 66122300?
2
What is the units digit of 26420516?
6
What is the ten millions digit of 108576149?
0
What is the ten thousands digit of 38996302?
9
What is the hundred thousands digit of 3709581723?
5
What is the hundred thousands digit of 2696294661?
2
What is the hundreds digit of 1487139?
1
What is the hundred thousands digit of 448833165?
8
What is the tens digit of 446698765?
6
What is the millions digit of 2892711571?
2
What is the thousands digit of 37652803?
2
What is the ten millions digit of 1922548054?
2
What is the ten thousands digit of 22135057?
3
What is the millions digit of 2576032?
2
What is the ten thousands digit of 794854416?
5
What is the units digit of 305391835?
5
What is the hundreds digit of 187772353?
3
What is the tens digit of 236131994?
9
What is the hundred thousands digit of 1841973783?
9
What is the millions digit of 36059353?
6
What is the thousands digit of 4357764452?
4
What is the hundreds digit of 168203157?
1
What is the units digit of 234689752?
2
What is the tens digit of 449559081?
8
What is the hundred thousands digit of 644161602?
1
What is the ten millions digit of 191605442?
9
What is the tens digit of 57575306?
0
What is the millions digit of 25230493?
5
What is the millions digit of 2411103987?
1
What is the millions digit of 692529186?
2
What is the hundreds digit of 1412088779?
7
What is the millions digit of 68681392?
8
What is the units digit of 43590558?
8
What is the hundred thousands digit of 27023047?
0
What is the tens digit of 137824881?
8
What is the thousands digit of 29821915?
1
What is the ten millions digit of 3260239660?
6
What is the ten thousands digit of 29453734?
5
What is the tens digit of 161478494?
9
What is the millions digit of 13772802?
3
What is the hundred thousands digit of 43755061?
7
What is the thousands digit of 21147691?
7
What is the thousands digit of 74059745?
9
What is the ten thousands digit of 13850600?
5
What is the units digit of 4833586998?
8
What is the ten thousands digit of 382847832?
4
What is the ten millions digit of 169333323?
6
What is the ten millions digit of 301655547?
0
What is the tens digit of 39922965?
6
What is the ten thousands digit of 1384791669?
9
What is the billions digit of 2748474124?
2
What is the hundred thousands digit of 430465957?
4
What is the hundreds digit of 48948301?
3
What is the thousands digit of 2654381764?
1
What is the tens digit of 411364397?
9
What is the ten thousands digit of 853217145?
1
What is the ten millions digit of 281386927?
8
What is the hundred millions digit of 306744278?
3
What is the millions digit of 49155172?
9
What is the hundreds digit of 250282383?
3
What is the ten thousands digit of 117474093?
7
What is the ten millions digit of 202325039?
0
What is the units digit of 95395923?
3
What is the millions digit of 1793590689?
3
What is the units digit of 316965393?
3
What is the tens digit of 350113528?
2
What is the hundreds digit of 10739236?
2
What is the hundred thousands digit of 82824350?
8
What is the millions digit of 457543684?
7
What is the hundred millions digit of 119954651?
1
What is the hundred thousands digit of 25317082?
3
What is the thousands digit of 5894386481?
6
What is the ten thousands digit of 1303999178?
9
What is the hundred millions digit of 121227583?
1
What is the hundreds digit of 134007412?
4
What is the units digit of 91925023?
3
What is the billions digit of 2073501343?
2
What is the thousands digit of 1136105562?
5
What is the units digit of 14280241?
1
What is the billions digit of 1524582720?
1
What is the tens digit of 434388153?
5
What is the tens digit of 123688077?
7
What is the hundreds digit of 7998581?
5
What is the hundreds digit of 4719373?
3
What is the hundred thousands digit of 1103365946?
3
What is the units digit of 1349311684?
4
What is the hundred thousands digit of 63534570?
5
What is the units digit of 6677505?
5
What is the units digit of 70459780?
0
What is the tens digit of 4239206891?
9
What is the hundreds digit of 115118165?
1
What is the hundred millions digit of 376635197?
3
What is the units digit of 152890255?
5
What is the millions digit of 488385914?
8
What is the thousands digit of 58987873?
7
What is the ten thousands digit of 19174695?
7
What is the hundreds digit of 141412331?
3
What is the ten thousands digit of 80617381?
1
What is the ten millions digit of 811277463?
1
What is the hundred millions digit of 121468294?
1
What is the ten millions digit of 475022898?
7
What is the hundreds digit of 306554798?
7
What is the ten millions digit of 157350502?
5
What is the millions digit of 875804468?
5
What is the hundreds digit of 238995269?
2
What is the millions digit of 14659024?
4
What is the ten thousands digit of 49942672?
4
What is the hundreds digit of 224815838?
8
What is the thousands digit of 3187930164?
0
What is the millions digit of 32809349?
2
What is the ten thousands digit of 2975550603?
5
What is the ten millions digit of 275091862?
7
What is the hundred millions digit of 1055827318?
0
What is the tens digit of 71651714?
1
What is the millions digit of 280993140?
0
What is the ten millions digit of 10953254?
1
What is the millions digit of 4952629?
4
What is the units digit of 23691522?
2
What is the hundreds digit of 2669772198?
1
What is the millions digit of 154138293?
4
What is the hundreds digit of 97593414?
4
What is the tens digit of 852966638?
3
What is the tens digit of 13295616?
1
What is the hundred thousands digit of 1979476762?
4
What is the units digit of 403332747?
7
What is the tens digit of 910760392?
9
What is the tens digit of 143146251?
5
What is the millions digit of 5759858910?
9
What is the hundred millions digit of 282986229?
2
What is the hundreds digit of 117733905?
9
What is the hundred thousands digit of 18109522?
1
What is the millions digit of 54459507?
4
What is the tens digit of 1555755383?
8
What is the tens digit of 371266371?
7
What is the units digit of 362926260?
0
What is the tens digit of 3479705358?
5
What is the hundred thousands digit of 72677292?
6
What is the units digit of 318282835?
5
What is the hundreds digit of 486265359?
3
What is the thousands digit of 300047703?
7
What is the ten millions digit of 373106814?
7
What is the hundred thousands digit of 966580279?
5
What is the hundred millions digit of 583355371?
5
What is the hundred thousands digit of 2304962777?
9
What is the hundred millions digit of 1365670038?
3
What is the thousands digit of 1595336689?
6
What is the units digit of 105978571?
1
What is the ten thousands digit of 1575755031?
5
What is the millions digit of 288486577?
8
What is the millions digit of 6227251824?
7
What is the thousands digit of 5311922236?
2
What is the ten millions digit of 56603645?
5
What is the millions digit of 197897301?
7
What is the ten millions digit of 44389344?
4
What is the units digit of 236884727?
7
What is the units digit of 2141306114?
4
What is the hundred thousands digit of 376882089?
8
What is the hundred thousands digit of 40041572?
0
What is the hundred millions digit of 253329837?
2
What is the millions digit of 2696007448?
6
What is the ten thousands digit of 337639885?
3
What is 